. List the prime factors of t.
3, 113
Let s = 89 - 88. Let a be (2 - 1) + 0 - (-171 + s). What are the prime factors of 0 + a*(2 + -1)?
3, 19
Let p(t) be the first derivative of -61/2*t**2 - 3 - 15*t. List the prime factors of p(-2).
107
Let u be ((-1976)/114)/((-2)/48). Suppose -t + 4771 = 5*r, -551 = -r + 3*t + u. What are the prime factors of r?
5, 191
Suppose -21*l = -32*l + 16*l. Suppose 3*u + 648 = -3*n + 6*n, l = 5*u - 25. List the prime factors of n.
13, 17
Let v = 41 + -11. Suppose 534 = -27*m + v*m. List the prime factors of m.
2, 89
Let n(z) = z - 5. Let i be n(7). Suppose -2*h + 9 + 135 = 0. Suppose -i*b = -5*b + h. What are the prime factors of b?
2, 3
Let v(i) = -4*i**3 - 27*i**2 + 24*i + 24. Let f be v(-21). Suppose f = 15*z + 6477. List the prime factors of z.
2, 3, 101
Let w(l) = -l**3 - 13*l**2 - 104*l + 27. List the prime factors of w(-11).
929
Let l(q) be the third derivative of -q**6/15 + q**5/6 - 7*q**4/12 - 7*q**3/3 - 2*q**2 + 7*q. What are the prime factors of l(-5)?
2, 653
Let a = 313 - 319. List the prime factors of -13 + (-1462)/a - (-2)/6.
3, 7, 11
Suppose 2*n - 14 = -2*v, -n + 2*v + 13 = 3. Let a(m) = 10*m**2 - 11*m - 8. List the prime factors of a(n).
2, 17
Let w be 2/(-2) - (-20 - -15). Let r be (-9496)/(-36) + w/18. What are the prime factors of 1/(2 + (-525)/r)?
2, 11
What are the prime factors of (1/4)/((-8)/32)*(2 + -14031)?
14029
Let w(b) be the second derivative of -7*b**3/6 + 29*b**2/2 + 21*b. Let m(r) = -6*r + 27. Let x(c) = 5*m(c) - 4*w(c). What are the prime factors of x(-15)?
7
Suppose -a = -5537 - 1894. List the prime factors of a.
3, 2477
Let d = 27305 - 19493. What are the prime factors of d?
2, 3, 7, 31
Suppose 0*v - n - 1 = 2*v, v - 17 = 3*n. Let z(m) = 2*m**2 + v*m**2 + 2*m**3 - 5*m**2 + 19 - m**2. What are the prime factors of z(5)?
3, 73
Let o = 12671 + -6767. List the prime factors of o.
2, 3, 41
Suppose 0 = -405*v + 366*v + 1210092. What are the prime factors of v?
2, 7757
Let r = -37963 + 56428. List the prime factors of r.
3, 5, 1231
Let y = 15409 + -2429. What are the prime factors of y?
2, 5, 11, 59
Let g = 52598 - 25353. What are the prime factors of g?
5, 5449
Let k(s) = s**3 + 3*s**2 - 24*s - 8. Let i be k(4). Suppose -888 = -4*h - i*h. List the prime factors of h.
2, 37
Let u be 18/4 + 4/8. Let w be -10*((-15)/6)/u. Suppose -10 = -2*c + 7*c, w*c = -3*f + 254. What are the prime factors of f?
2, 11
Suppose -27 = -6*a + 3. Let v be -9*2/15*a. Let r(u) = -35*u + 25. List the prime factors of r(v).
5, 47
What are the prime factors of -270 - -15612 - (-2 + -1)?
3, 5, 11, 31
Let u(f) = f**3 - f + 1. Let j(r) = 27*r**2 + 6 - 21 - 7*r**3 + 37*r - 12. Let b(o) = -j(o) - 5*u(o). What are the prime factors of b(15)?
7, 31
Suppose 19*i + 16 - 92 = 0. Suppose -u - 3 = 0, -126 - 3235 = -i*v + 3*u. List the prime factors of v.
2, 419
Suppose 33538 = y + 4*a - 13994, 0 = -3*y + a + 142687. What are the prime factors of y?
2, 5, 29, 41
Let d(u) = 264*u**3 - 15*u**2 + 57*u - 75. What are the prime factors of d(6)?
3, 18917
Suppose 15 = 2*o + p, -o + 10*p - 7*p = -11. Suppose 0 = -6*c + o*c + 42. What are the prime factors of (64/(-6))/((c/(-18))/(-7))?
2
Suppose 4*c + 145 = -99. Let f = c - -63. Suppose -4*n + 953 = -3*s, -n + f*s - 958 = -5*n. List the prime factors of n.
239
Let u = 162 + -163. List the prime factors of (783/12 + u)/((-2)/(-8)).
257
Let g = -3519 - -43736. What are the prime factors of g?
131, 307
Suppose 0*o + 1092 = 13*o. Suppose 5*t + 4*f = 323, -5*t - 2*f + o = -245. What are the prime factors of t?
67
Let b = -70933 - -105707. List the prime factors of b.
2, 17387
Let s = -379 - -900. Suppose t + 3*m = 523, -6*m + s = t - m. List the prime factors of t.
2, 263
Suppose -25*p = 114 + 636. What are the prime factors of p/3*(-1)/2?
5
Suppose -3*i = -2*q - 23990, 0 = 19*i - 20*i + 2*q + 8002. What are the prime factors of i?
2, 7, 571
Suppose 4*y + h = 3*y - 2, -4*y - 2*h = 14. Let u(n) be the first derivative of 10*n**3/3 + 2*n**2 + 11*n + 8492. What are the prime factors of u(y)?
241
Let h(j) = 9*j - 33. Let u be h(5). Suppose 5*r + u = 9*r, -5*l + 1392 = -r. List the prime factors of l.
3, 31
What are the prime factors of 202664/560 - (-1)/10?
2, 181
Suppose 120 - 624 = -12*g. Suppose 4*m - t - 1236 - g = 0, 4*m + t = 1274. What are the prime factors of m?
11, 29
Let v(a) = 751*a + 645. What are the prime factors of v(7)?
2, 13, 227
Let k be (2 - (232/(-24) - -5))*(-3)/(-4). Let b(d) = 14*d - 26. Let o(z) = -z. Let h(c) = b(c) - 12*o(c). List the prime factors of h(k).
2, 13
Let l = -3869 - -8133. What are the prime factors of l?
2, 13, 41
Let l(s) = -299*s**3 - s**2 - 28*s - 53. List the prime factors of l(-2).
3, 797
Let k = 184960 - 102249. List the prime factors of k.
107, 773
Suppose -4*d + 9 = o + d, 5*d = 5*o - 15. Suppose -g = -4*s + 1131, -12*s = -10*s + o*g - 570. What are the prime factors of s?
283
Suppose 342*f + 136792 = 383*f - 57958. What are the prime factors of f?
2, 5, 19
What are the prime factors of (-29136)/20*(-210)/126?
2, 607
Suppose -4*v + 27868 = 4*a, 4*a - v - 4*v - 27850 = 0. List the prime factors of a.
5, 7, 199
Suppose u + 9 - 11 = 0. Suppose 4*h - 16 = 0, 0 = -4*o + u*h + 2290 - 858. Suppose -5*r + 100 + o = 0. What are the prime factors of r?
2, 23
Let s = 209 - 209. Suppose -2*d - 3*d = -2*m - 670, d - 5*m - 157 = s. List the prime factors of d.
2, 3, 11
Let w = 100 + -97. Suppose -w*f + 762 = 2*d - 5*d, -f = -3*d - 260. List the prime factors of f.
251
Suppose -t + 2*o = -73, 3*o - o - 6 = 0. Let f = t + -44. Suppose 3*c - 22 - f = -4*k, -38 = -c + 5*k. List the prime factors of c.
23
Let r = -266 - -273. Suppose -j + 5520 = r*j. What are the prime factors of j?
2, 3, 5, 23
Let i(b) = 2*b**2 - 385. Suppose 2*x = -4*s - 58, 11*x - 3*s + 119 = 6*x. List the prime factors of i(x).
5, 173
Let c(h) = 198*h + 35. Let k(y) = -203*y - 35. Let r(i) = -3*c(i) - 2*k(i). What are the prime factors of r(-5)?
5, 181
Let j = 78 - 66. Suppose -5*p + 3*h + 5 + j = 0, 4*p - h = 8. List the prime factors of (48/2)/(p/(-1 + 2)).
2, 3
Let d(s) = 3085*s**2 - 47*s - 48. What are the prime factors of d(-4)?
2, 3, 5, 11
Let w = 172 - 168. Suppose w*b = -2*o + 2858, -3*b + 5*o + 836 = -1340. List the prime factors of b.
3, 239
Let w = 1497 + -950. Suppose 11*d - 872 = w. What are the prime factors of d?
3, 43
Suppose a = -5*v + 3*a + 4072, 0 = -a - 1. Suppose 0*g - v = -2*g. What are the prime factors of g?
11, 37
Let q(r) = -17 + 445*r - 233*r - 235*r. List the prime factors of q(-5).
2, 7
Suppose 0 = -60*h - 426*h + 28729404. List the prime factors of h.
2, 11, 2687
Let i(q) = -q**2 + 9*q - 17. Let d be i(4). Suppose -d*v + 1 + 8 = 0, -g - 4*v + 12 = 0. Suppose g = -6*b + 1248 + 48. What are the prime factors of b?
2, 3
Let m = 10523 - 5902. List the prime factors of m.
4621
Let j = 366 + -362. What are the prime factors of 2952/j - (-1 + -1)?
2, 5, 37
Suppose 4*s + 0*n - 12 = 4*n, -3*s = 3*n - 9. Suppose 0 = -q - 2, -2*q + 17 = 3*v - s*q. What are the prime factors of v?
5
Let w be ((-6684)/24)/(2/8*-2). Suppose -4*r + 533 = 5*o, -4*r - w = -2*o - 3*o. List the prime factors of o.
109
Let c(h) = -h**3 + 9*h**2 + 3*h - 9. Let s = -24 + 28. Suppose -k + s = -1. List the prime factors of c(k).
2, 53
List the prime factors of -5 - ((-12)/(-174) + (-7640704)/232).
13, 17, 149
What are the prime factors of (-2)/(-1) - ((-735587)/212)/((-1)/(-4))?
3, 7, 661
Suppose -10*s = -2044 - 5536. Suppose 2*p - 5*i - s = 0, 4*i + 102 = -p + 494. What are the prime factors of p?
2, 3
Suppose -13*b - 107909 = -15*b - c, c = -4*b + 215821. List the prime factors of b.
2, 7, 41, 47
Let x = 17 + -7. Suppose -138*v + 95*v = -129. Let s = v + x. List the prime factors of s.
13
What are the prime factors of 7/(-91) + 2177469/273?
2, 997
Let j(a) = -a**3 + 8*a**2 - 14*a + 6. Let s be j(2). Suppose -5*d + 936 = -2*q - s*q, -5*q = d - 193. What are the prime factors of d?
2, 47
Let g(a) = 17*a - 14. Suppose -184 = 4*t - 0*t. Let n = t - -52. What are the prime factors of g(n)?
2, 11
Suppose 42*m = 34*m + 24. Suppose 0 = -5*f - 6*r + 3*r + 1043, m*f + 2*r - 626 = 0. List the prime factors of f.
2, 13
Suppose 10*x + 2213052 = 456*x. List the prime factors of x.
2, 3, 827
Suppose k = 4*k - 2*y 